{"id":196,"date":"2026-04-17T10:14:08","date_gmt":"2026-04-17T10:14:08","guid":{"rendered":"https:\/\/aetheria.io.vn\/?post_type=product&#038;p=196"},"modified":"2026-04-17T20:42:29","modified_gmt":"2026-04-17T13:42:29","slug":"day-chuyen-bac-callie-silver-day-hop-1li","status":"publish","type":"product","link":"https:\/\/aetheria.io.vn\/?product=day-chuyen-bac-callie-silver-day-hop-1li","title":{"rendered":"D\u00e2y Chuy\u1ec1n B\u1ea1c Callie Silver D\u00e2y H\u1ed9p 1li"},"content":{"rendered":"<p>D\u00e2y chuy\u1ec1n b\u1ea1c Callie Silver DC346 \u0111\u01b0\u1ee3c ch\u1ebf t\u00e1c t\u1eeb b\u1ea1c 925 cao c\u1ea5p, ki\u1ec3u d\u00e1ng d\u00e2y h\u1ed9p 1li tinh t\u1ebf, mang l\u1ea1i v\u1ebb ngo\u00e0i hi\u1ec7n \u0111\u1ea1i v\u00e0 thanh l\u1ecbch. S\u1ea3n ph\u1ea9m c\u00f3 \u0111\u1ed9 b\u1ec1n cao, an to\u00e0n cho da, ph\u00f9 h\u1ee3p \u0111eo h\u1eb1ng ng\u00e0y ho\u1eb7c k\u1ebft h\u1ee3p v\u1edbi m\u1eb7t d\u00e2y \u0111\u1ec3 t\u1ea1o \u0111i\u1ec3m nh\u1ea5n. Ngo\u00e0i ra, d\u00e2y c\u00f2n \u0111i k\u00e8m h\u1ed9p \u0111\u1ef1ng, kh\u0103n lau b\u1ea1c v\u00e0 t\u00fai zip gi\u00fap b\u1ea3o qu\u1ea3n t\u1ed1t v\u00e0 gi\u1eef \u0111\u1ed9 s\u00e1ng l\u00e2u d\u00e0<\/p>\n","protected":false},"excerpt":{"rendered":"<p>D\u00e2y chuy\u1ec1n b\u1ea1c 925 d\u1ea1ng d\u00e2y h\u1ed9p 1li, thi\u1ebft k\u1ebf t\u1ed1i gi\u1ea3n, thanh m\u1ea3nh v\u00e0 d\u1ec5 ph\u1ed1i v\u1edbi nhi\u1ec1u lo\u1ea1i m\u1eb7t d\u00e2y ho\u1eb7c \u0111eo ri\u00eang.<\/p>\n","protected":false},"featured_media":200,"comment_status":"open","ping_status":"closed","template":"","meta":{"site-sidebar-layout":"default","site-content-layout":"","ast-site-content-layout":"default","site-content-style":"default","site-sidebar-style":"default","ast-global-header-display":"","ast-banner-title-visibility":"","ast-main-header-display":"","ast-hfb-above-header-display":"","ast-hfb-below-header-display":"","ast-hfb-mobile-header-display":"","site-post-title":"","ast-breadcrumbs-content":"","ast-featured-img":"","footer-sml-layout":"","ast-disable-related-posts":"","theme-transparent-header-meta":"default","adv-header-id-meta":"","stick-header-meta":"","header-above-stick-meta":"","header-main-stick-meta":"","header-below-stick-meta":"","astra-migrate-meta-layouts":"set","ast-page-background-enabled":"default","ast-page-background-meta":{"desktop":{"background-color":"var(--ast-global-color-5)","background-image":"","background-repeat":"repeat","background-position":"center center","background-size":"auto","background-attachment":"scroll","background-type":"","background-media":"","overlay-type":"","overlay-color":"","overlay-opacity":"","overlay-gradient":""},"tablet":{"background-color":"","background-image":"","background-repeat":"repeat","background-position":"center center","background-size":"auto","background-attachment":"scroll","background-type":"","background-media":"","overlay-type":"","overlay-color":"","overlay-opacity":"","overlay-gradient":""},"mobile":{"background-color":"","background-image":"","background-repeat":"repeat","background-position":"center center","background-size":"auto","background-attachment":"scroll","background-type":"","background-media":"","overlay-type":"","overlay-color":"","overlay-opacity":"","overlay-gradient":""}},"ast-content-background-meta":{"desktop":{"background-color":"var(--ast-global-color-4)","background-image":"","background-repeat":"repeat","background-position":"center center","background-size":"auto","background-attachment":"scroll","background-type":"","background-media":"","overlay-type":"","overlay-color":"","overlay-opacity":"","overlay-gradient":""},"tablet":{"background-color":"var(--ast-global-color-4)","background-image":"","background-repeat":"repeat","background-position":"center center","background-size":"auto","background-attachment":"scroll","background-type":"","background-media":"","overlay-type":"","overlay-color":"","overlay-opacity":"","overlay-gradient":""},"mobile":{"background-color":"var(--ast-global-color-4)","background-image":"","background-repeat":"repeat","background-position":"center center","background-size":"auto","background-attachment":"scroll","background-type":"","background-media":"","overlay-type":"","overlay-color":"","overlay-opacity":"","overlay-gradient":""}},"_joinchat":[]},"product_brand":[],"product_cat":[35,33,36],"product_tag":[23,18,24],"class_list":{"0":"post-196","1":"product","2":"type-product","3":"status-publish","4":"has-post-thumbnail","6":"product_cat-men","7":"product_cat-vong-co","8":"product_cat-women","9":"product_tag-men","10":"product_tag-necklace","11":"product_tag-women","12":"desktop-align-center","13":"tablet-align-left","14":"mobile-align-left","16":"first","17":"instock","18":"shipping-taxable","19":"purchasable","20":"product-type-simple"},"_links":{"self":[{"href":"https:\/\/aetheria.io.vn\/index.php?rest_route=\/wp\/v2\/product\/196","targetHints":{"allow":["GET"]}}],"collection":[{"href":"https:\/\/aetheria.io.vn\/index.php?rest_route=\/wp\/v2\/product"}],"about":[{"href":"https:\/\/aetheria.io.vn\/index.php?rest_route=\/wp\/v2\/types\/product"}],"replies":[{"embeddable":true,"href":"https:\/\/aetheria.io.vn\/index.php?rest_route=%2Fwp%2Fv2%2Fcomments&post=196"}],"wp:featuredmedia":[{"embeddable":true,"href":"https:\/\/aetheria.io.vn\/index.php?rest_route=\/wp\/v2\/media\/200"}],"wp:attachment":[{"href":"https:\/\/aetheria.io.vn\/index.php?rest_route=%2Fwp%2Fv2%2Fmedia&parent=196"}],"wp:term":[{"taxonomy":"product_brand","embeddable":true,"href":"https:\/\/aetheria.io.vn\/index.php?rest_route=%2Fwp%2Fv2%2Fproduct_brand&post=196"},{"taxonomy":"product_cat","embeddable":true,"href":"https:\/\/aetheria.io.vn\/index.php?rest_route=%2Fwp%2Fv2%2Fproduct_cat&post=196"},{"taxonomy":"product_tag","embeddable":true,"href":"https:\/\/aetheria.io.vn\/index.php?rest_route=%2Fwp%2Fv2%2Fproduct_tag&post=196"}],"curies":[{"name":"wp","href":"https:\/\/api.w.org\/{rel}","templated":true}]}}